{"id":75,"date":"2017-11-13T23:36:26","date_gmt":"2017-11-14T02:36:26","guid":{"rendered":"http:\/\/biomax.com.ar\/?page_id=75"},"modified":"2018-04-12T11:00:32","modified_gmt":"2018-04-12T14:00:32","slug":"biomax","status":"publish","type":"page","link":"https:\/\/biomax.com.ar\/","title":{"rendered":"BIOMAX"},"content":{"rendered":"<h2><strong>Laboratorio BIOMAX<\/strong><\/h2>\n<p>Los or\u00edgenes de Biomax se remontan al a\u00f1o 1997, a partir de la experiencia cl\u00ednica en medicina veterinaria equina. A trav\u00e9s de la utilizaci\u00f3n de diferentes m\u00e9todos fisioterap\u00e9uticos, se despert\u00f3 en consecuencia nuestro inter\u00e9s en la fisiopatolog\u00eda articular. Esta inquietud se orient\u00f3 luego a los animales de compa\u00f1\u00eda. La meta era\u00a0 brindarles tambi\u00e9n a ellos un aporte terap\u00e9utico adecuado a partir de productos veterinarios naturales de calidad.<\/p>\n<p>Las patolog\u00edas articulares son frecuentes en equinos,\u00a0 felinos y caninos.\u00a0 En estos \u00faltimos, incluso, pueden ocurrir durante la etapa de desarrollo. El dolor asociado a la patolog\u00eda articular impacta no solamente en la movilidad del animal y su actividad. Tambi\u00e9n produce alteraci\u00f3n en su comportamiento. De ah\u00ed la importancia de instaurar un tratamiento adecuado.<\/p>\n<p>Los productos terap\u00e9uticos naturales tienen la ventaja de estar totalmente libres de sustancias perjudiciales. Adem\u00e1s, su composici\u00f3n\u00a0qu\u00edmica es m\u00e1s parecida a los componentes que forman el organismo. Son admisibles sin causar reacciones negativas porque no resultan ajenos al mismo.<\/p>\n<p>A lo largo de nuestros m\u00e1s de veinte a\u00f1os de trabajo hemos continuamente mejorado y perfeccionado\u00a0<a href=\"https:\/\/biomax.com.ar\/productos\/\">nuestros productos.<br \/>\n<\/a>La utilizaci\u00f3n de principios activos de primera calidad es la clave.<br \/>\nEl bienestar de nuestras mascotas, el objetivo.<\/p>\n","protected":false},"excerpt":{"rendered":"<p>Laboratorio BIOMAX Los or\u00edgenes de Biomax se remontan al a\u00f1o 1997, a partir de la experiencia cl\u00ednica en medicina veterinaria equina. A trav\u00e9s de la utilizaci\u00f3n de diferentes m\u00e9todos fisioterap\u00e9uticos, se despert\u00f3 en consecuencia nuestro inter\u00e9s en la fisiopatolog\u00eda articular. Esta inquietud se orient\u00f3 luego a los animales de compa\u00f1\u00eda. La meta era\u00a0 brindarles tambi\u00e9n &hellip; <\/p>\n<p class=\"link-more\"><a href=\"https:\/\/biomax.com.ar\/\" class=\"more-link\">Continuar leyendo<span class=\"screen-reader-text\"> \u00abBIOMAX\u00bb<\/span><\/a><\/p>\n","protected":false},"author":1,"featured_media":8,"parent":0,"menu_order":0,"comment_status":"closed","ping_status":"closed","template":"","meta":{"footnotes":""},"class_list":["post-75","page","type-page","status-publish","has-post-thumbnail","hentry"],"_links":{"self":[{"href":"https:\/\/biomax.com.ar\/index.php?rest_route=\/wp\/v2\/pages\/75","targetHints":{"allow":["GET"]}}],"collection":[{"href":"https:\/\/biomax.com.ar\/index.php?rest_route=\/wp\/v2\/pages"}],"about":[{"href":"https:\/\/biomax.com.ar\/index.php?rest_route=\/wp\/v2\/types\/page"}],"author":[{"embeddable":true,"href":"https:\/\/biomax.com.ar\/index.php?rest_route=\/wp\/v2\/users\/1"}],"replies":[{"embeddable":true,"href":"https:\/\/biomax.com.ar\/index.php?rest_route=%2Fwp%2Fv2%2Fcomments&post=75"}],"version-history":[{"count":22,"href":"https:\/\/biomax.com.ar\/index.php?rest_route=\/wp\/v2\/pages\/75\/revisions"}],"predecessor-version":[{"id":276,"href":"https:\/\/biomax.com.ar\/index.php?rest_route=\/wp\/v2\/pages\/75\/revisions\/276"}],"wp:featuredmedia":[{"embeddable":true,"href":"https:\/\/biomax.com.ar\/index.php?rest_route=\/wp\/v2\/media\/8"}],"wp:attachment":[{"href":"https:\/\/biomax.com.ar\/index.php?rest_route=%2Fwp%2Fv2%2Fmedia&parent=75"}],"curies":[{"name":"wp","href":"https:\/\/api.w.org\/{rel}","templated":true}]}}